e remainder when 229 is divided by 212?
17
Calculate the remainder when 752 is divided by 45.
32
What is the remainder when 73 is divided by 43?
30
Calculate the remainder when 1080 is divided by 57.
54
What is the remainder when 855 is divided by 22?
19
Calculate the remainder when 10621 is divided by 94.
93
What is the remainder when 414 is divided by 106?
96
Calculate the remainder when 7595 is divided by 21.
14
What is the remainder when 536 is divided by 91?
81
What is the remainder when 49 is divided by 31?
18
What is the remainder when 484 is divided by 123?
115
What is the remainder when 606 is divided by 20?
6
Calculate the remainder when 16 is divided by 6.
4
What is the remainder when 522 is divided by 195?
132
Calculate the remainder when 242 is divided by 49.
46
Calculate the remainder when 252 is divided by 181.
71
What is the remainder when 882 is divided by 48?
18
Calculate the remainder when 492 is divided by 471.
21
What is the remainder when 344 is divided by 12?
8
What is the remainder when 102 is divided by 13?
11
Calculate the remainder when 722 is divided by 143.
7
What is the remainder when 1045 is divided by 112?
37
Calculate the remainder when 686 is divided by 140.
126
What is the remainder when 119 is divided by 47?
25
Calculate the remainder when 137 is divided by 48.
41
What is the remainder when 644 is divided by 73?
60
What is the remainder when 188 is divided by 52?
32
Calculate the remainder when 106 is divided by 38.
30
What is the remainder when 45 is divided by 6?
3
What is the remainder when 451 is divided by 121?
88
What is the remainder when 885 is divided by 168?
45
Calculate the remainder when 206 is divided by 100.
6
What is the remainder when 2457 is divided by 818?
3
Calculate the remainder when 576 is divided by 125.
76
What is the remainder when 394 is divided by 55?
9
Calculate the remainder when 779 is divided by 39.
38
Calculate the remainder when 308 is divided by 66.
44
What is the remainder when 897 is divided by 315?
267
What is the remainder when 97 is divided by 56?
41
What is the remainder when 146 is divided by 80?
66
Calculate the remainder when 7998 is divided by 32.
30
Calculate the remainder when 155 is divided by 54.
47
Calculate the remainder when 397 is divided by 83.
65
What is the remainder when 331 is divided by 46?
9
What is the remainder when 2455 is divided by 39?
37
Calculate the remainder when 359 is divided by 15.
14
Calculate the remainder when 65 is divided by 6.
5
Calculate the remainder when 237 is divided by 10.
7
What is the remainder when 11229 is divided by 32?
29
What is the remainder when 45 is divided by 29?
16
Calculate the remainder when 2806 is divided by 54.
52
What is the remainder when 977 is divided by 487?
3
Calculate the remainder when 1342 is divided by 17.
16
What is the remainder when 480 is divided by 153?
21
What is the remainder when 860 is divided by 413?
34
What is the remainder when 52 is divided by 28?
24
Calculate the remainder when 309 is divided by 78.
75
What is the remainder when 3357 is divided by 15?
12
What is the remainder when 1681 is divided by 11?
9
What is the remainder when 535 is divided by 77?
73
Calculate the remainder when 134 is divided by 47.
40
Calculate the remainder when 341 is divided by 32.
21
Calculate the remainder when 121 is divided by 40.
1
What is the remainder when 398 is divided by 57?
56
What is the remainder when 486 is divided by 445?
41
Calculate the remainder when 1579 is divided by 113.
110
Calculate the remainder when 776 is divided by 33.
17
What is the remainder when 110 is divided by 14?
12
What is the remainder when 1686 is divided by 427?
405
What is the remainder when 231 is divided by 58?
57
Calculate the remainder when 40 is divided by 1.
0
What is the remainder when 4718 is divided by 80?
78
What is the remainder when 350 is divided by 32?
30
Calculate the remainder when 1007 is divided by 498.
11
What is the remainder when 306 is divided by 2?
0
Calculate the remainder when 404 is divided by 155.
94
What is the remainder when 62 is divided by 42?
20
What is the remainder when 317 is divided by 105?
2
What is the remainder when 2517 is divided by 140?
137
What is the remainder when 1791 is divided by 58?
51
What is the remainder when 9 is divided by 7?
2
What is the remainder when 199 is divided by 71?
57
Calculate the remainder when 467 is divided by 92.
7
Calculate the remainder when 812 is divided by 48.
44
Calculate the remainder when 111 is divided by 35.
6
Calculate the remainder when 465 is divided by 162.
141
Calculate the remainder when 2416 is divided by 11.
7
Calculate the remainder when 179 is divided by 126.
53
Calculate the remainder when 103 is divided by 27.
22
Calculate the remainder when 257 is divided by 26.
23
What is the remainder when 63 is divided by 17?
12
What is the remainder when 32 is divided by 4?
0
Calculate the remainder when 58 is divided by 53.
5
Calculate the remainder when 332 is divided by 105.
17
Calculate the remainder when 59 is divided by 25.
9
What is the remainder when 1112 is divided by 25?
12
What is the remainder when 165 is divided by 14?
11
What is the remainder when 2836 is divided by 44?
20
What is the remainder when 176 is divided by 101?
75
Calculate the remainder when 11 is divided by 9.
2
Calculate the remainder when 243 is divided by 35.
33
Calculate the remainder when 334 is divided by 87.
73
What is the remainder when 931 is divided by 53?
30
What is the remainder when 1847 is divided by 28?
27
What is the remainder when 20 is divided by 8?
4
What is the remainder when 88 is divided by 73?
15
What is the remainder when 57 is divided by 20?
17
What is the remainder when 339 is divided by 57?
54
Calculate the remainder when 252 is divided by 38.
24
What is the remainder when 2122 is divided by 25?
22
What is the remainder when 285 is divided by 89?
18
What is the remainder when 348 is divided by 22?
18
Calculate the remainder when 597 is divided by 40.
37
What is the remainder when 1317 is divided by 5?
2
What is the remainder when 31104 is divided by 103?
101
Calculate the remainder when 6093 is divided by 3.
0
Calculate the remainder when 281 is divided by 134.
13
Calculate the remainder when 187 is divided by 65.
57
Calculate the remainder when 591 is divided by 33.
30
What is the remainder when 1546 is divided by 74?
66
What is the remainder when 88 is divided by 62?
26
Calculate the remainder when 30 is divided by 21.
9
What is the remainder when 70 is divided by 15?
10
Calculate the remainder when 259 is divided by 92.
75
What is the remainder when 263 is divided by 66?
65
Calculate the remainder when 4994 is divided by 172.
6
What is the remainder when 26 is divided by 10?
6
What is the remainder when 128 is divided by 35?
23
What is the remainder when 1222 is divided by 51?
49
What is the remainder when 1510 is divided by 54?
52
What is the remainder when 135 is divided by 87?
48
What is the remainder when 498 is divided by 80?
18
Calculate the remainder when 222 is divided by 171.
51
What is the remainder when 56 is divided by 20?
16
Calculate the remainder when 87 is divided by 21.
3
What is the remainder when 76 is divided by 61?
15
What is the remainder when 179 is divided by 99?
80
What is the remainder when 10440 is divided by 53?
52
Calculate the remainder when 778 is divided by 12.
10
Calculate the remainder when 245 is divided by 62.
59
Calculate the remainder when 92 is divided by 11.
4
Calculate the remainder when 3275 is divided by 1082.
29
Calculate the remainder when 286 is divided by 72.
70
Calculate the remainder when 736 is divided by 41.
39
Calculate the remainder when 25165 is divided by 26.
23
What is the remainder when 1510 is divided by 18?
16
What is the remainder when 42 is divided by 11?
9
Calculate the remainder when 659 is divided by 104.
35
What is the remainder when 612 is divided by 154?
150
Calculate the remainder when 521 is divided by 18.
17
What is the remainder when 4266 is divided by 3?
0
What is the remainder when 785 is divided by 397?
388
Calculate the remainder when 401 is divided by 107.
80
What is the remainder when 23 is divided by 6?
5
What is the remainder when 341 is divided by 334?